{"id":530,"date":"2023-10-05T12:30:03","date_gmt":"2023-10-05T12:30:03","guid":{"rendered":"https:\/\/patrimoniuvernacularbreb.maramures.ro\/?page_id=530"},"modified":"2024-08-05T13:43:14","modified_gmt":"2024-08-05T13:43:14","slug":"politica-cookies","status":"publish","type":"page","link":"https:\/\/patrimoniulvernacular.maramures.ro\/?page_id=530","title":{"rendered":"POLITICA COOKIES"},"content":{"rendered":"<h2 class=\"wp-block-post-title\">POLITICA COOKIES<\/h2>\n\n\n<p>Prin utilizarea website-ului noastre \u0219i acceptarea acestei politici, v\u0103 exprima\u021bi acordul cu privire la utilizarea cookie-urilor, conform prevederilor prezentei politici.<br><\/p>\n\n\n\n<p>1.&nbsp; &nbsp; Despre cookie-uri<\/p>\n\n\n\n<p>1.1. Un cookie este un fi\u0219ier care con\u021bine un identificator, o secven\u021b\u0103 liniar\u0103 de litere \u0219i numere, care este trimis\u0103 de un server al unui site web c\u0103tre un browser, fiind stocat\u0103 de acel browser. Identificatorul este trimis c\u0103tre serverul site-ului web de fiecare dat\u0103 c\u00e2nd browserul solicit\u0103 o pagin\u0103 de pe server.<\/p>\n\n\n\n<p>1.2. Cookie-urile sunt persistente sau specifice unei sesiuni online: un cookie persistent va fi stocat de un browser web \u0219i va r\u0103m\u00e2ne valid p\u00e2n\u0103 la data stabilit\u0103 s\u0103 expire, cu excep\u021bia cazului \u00een care este \u0219ters de utilizator \u00eenainte de aceast\u0103 dat\u0103; pe de alt\u0103 parte, cookie-urile specifice unei sesiuni vor expira la sf\u00e2r\u0219itul sesiunii de navigare pe internet a utilizatorului, c\u00e2nd browserul este \u00eenchis.<\/p>\n\n\n\n<p>1.3. Cookie-urile nu con\u021bin \u00een mod obi\u0219nuit informa\u021bii care identific\u0103 personal utilizatorul, dar informa\u021biile pe care le stoc\u0103m despre dvs. pot fi conectate cu informa\u021biile stocate \u00een \u0219i ob\u021binute prin intermediul cookie-urilor.<\/p>\n\n\n\n<p>1.4. Cookie-urile pot fi folosite de serverul site-ului web pentru a identifica sau urm\u0103ri utilizatorii \u00een timp ce navigheaz\u0103 pe anumite pagini \u00een website-ul nostru \u0219i pentru a identifica utilizatorii care se re\u00eentorc \u00een website-ul nostru.<br><\/p>\n\n\n\n<p>2.&nbsp; &nbsp; Politica noastr\u0103 cookies<\/p>\n\n\n\n<p>Noi utiliz\u0103m doar cookie-uri specifice de sesiune pentru a \u00eembun\u0103t\u0103\u021bi modul de utilizare a website-ului, administrarea acestora, prevenirea fraudelor \u0219i consolidarea securit\u0103\u021bii, precum \u0219i personalizarea website-ului pentru fiecare utilizator.<br><\/p>\n\n\n\n<p>3.&nbsp; &nbsp; &nbsp;Apeluri c\u0103tre Google Analytics<\/p>\n\n\n\n<p>3.1. Folosim Google Analytics pentru a analiza utilizarea website-ului nostru.<\/p>\n\n\n\n<p>3.2. Furnizorul nostru de servicii de analiz\u0103 genereaz\u0103 statistici \u0219i alte informa\u021bii despre utilizarea website-ului prin intermediul cookie-urilor.<\/p>\n\n\n\n<p>3.3. Politica cookie-urilor este reglementat\u0103 de Termenii \u0219i condi\u021biile de utilizare Google Analytics, care pot fi accesate la adresa&nbsp;<a href=\"http:\/\/www.google.com\/policies\/privacy\">http:\/\/www.google.com\/policies\/privacy<\/a><\/p>\n\n\n\n<p>3.4. Informa\u021biile generate \u00een leg\u0103tur\u0103 cu website-ul nostru sunt cuprinse \u00een rapoarte cu privire la utilizarea acestora.<br><\/p>\n\n\n\n<p>4.&nbsp; &nbsp; Blocarea cookie-urilor<\/p>\n\n\n\n<p>4.1. Cele mai multe browsere \u00ee\u021bi permit s\u0103 refuzi cookie-urile.<\/p>\n\n\n\n<p>4.2. Blocarea cookie-urilor va avea \u00eens\u0103 un impact negativ asupra utiliz\u0103rii multor website-uri.<\/p>\n\n\n\n<p>4.3. Dac\u0103 blochezi cookie-urile, nu vei putea folosi toate func\u021bionalit\u0103\u021bile website-ului nostru.<br><\/p>\n\n\n\n<p>5.&nbsp; &nbsp; \u0218tergerea cookie-urilor<\/p>\n\n\n\n<p>5.1. Pute\u021bi \u0219terge cookie-urile deja stocate pe dispozitivul dvs.; de exemplu:<\/p>\n\n\n\n<p>(a) \u00een Internet Explorer, pute\u021bi \u0219terge fi\u0219ierele cookie, urm\u00e2nd instruc\u021biunile disponibile la adresa&nbsp;<a href=\"http:\/\/windows.microsoft.com\/en-gb\/internet-explorer\/delete-manage-cookies\">http:\/\/windows.microsoft.com\/en-gb\/internet-explorer\/delete-manage-cookies<\/a><\/p>\n\n\n\n<p>(b) \u00een Firefox, pute\u021bi \u0219terge cookie-urile acces\u00e2nd &#8220;Tools&#8221;, &#8220;Options&#8221; \u0219i &#8220;Privacy&#8221;, selecta\u021bi apoi &#8220;Use custom settings for history&#8221;, apoi &#8220;Show Cookies&#8221;, \u0219i &#8220;Remove All Cookies&#8221;;<\/p>\n\n\n\n<p>(c) \u00een Chrome, pute\u021bi \u0219terge cookie-urile acces\u00e2nd &#8220;Customise and control&#8221;, &#8220;Settings&#8221;, &#8220;Show advanced settings&#8221; \u0219i &#8220;Clear browsing data&#8221;, apoi selecta\u021bi &#8220;Cookies and other site and plug-in data&#8221; \u00eenainte de a opta pentru &#8220;Clear browsing data&#8221;.<\/p>\n\n\n\n<p>5.2. \u0218tergerea cookie-urilor va avea un impact negativ asupra utiliz\u0103rii multor website-uri.<br><\/p>\n\n\n\n<p>6.&nbsp; &nbsp; Date de contact<\/p>\n\n\n\n<p>6.1. Website-ul se afl\u0103 \u00een proprietatea \u0219i sub controlul\u00a0<em>Consiliului Jude\u021bean Maramure\u0219<\/em>.<\/p>\n\n\n\n<p>6.2. Ne pute\u021bi contacta folosind pagina noastr\u0103 de contact din cadrul website-ului.<\/p>\n","protected":false},"excerpt":{"rendered":"<p>Prin utilizarea website-ului noastre \u0219i acceptarea acestei politici, v\u0103 exprima\u021bi acordul cu privire la utilizarea cookie-urilor, conform prevederilor prezentei politici. 1.&nbsp; &nbsp; Despre cookie-uri 1.1. Un cookie este un fi\u0219ier care con\u021bine un identificator, o secven\u021b\u0103 liniar\u0103 de litere \u0219i numere, care este trimis\u0103 de un server al unui site web c\u0103tre un browser, fiind&#8230;<\/p>\n","protected":false},"author":1,"featured_media":0,"parent":0,"menu_order":0,"comment_status":"closed","ping_status":"closed","template":"","meta":{"inline_featured_image":false,"_kad_post_transparent":"","_kad_post_title":"","_kad_post_layout":"","_kad_post_sidebar_id":"","_kad_post_content_style":"","_kad_post_vertical_padding":"","_kad_post_feature":"","_kad_post_feature_position":"","_kad_post_header":false,"_kad_post_footer":false,"footnotes":""},"class_list":["post-530","page","type-page","status-publish","hentry"],"_links":{"self":[{"href":"https:\/\/patrimoniulvernacular.maramures.ro\/index.php?rest_route=\/wp\/v2\/pages\/530","targetHints":{"allow":["GET"]}}],"collection":[{"href":"https:\/\/patrimoniulvernacular.maramures.ro\/index.php?rest_route=\/wp\/v2\/pages"}],"about":[{"href":"https:\/\/patrimoniulvernacular.maramures.ro\/index.php?rest_route=\/wp\/v2\/types\/page"}],"author":[{"embeddable":true,"href":"https:\/\/patrimoniulvernacular.maramures.ro\/index.php?rest_route=\/wp\/v2\/users\/1"}],"replies":[{"embeddable":true,"href":"https:\/\/patrimoniulvernacular.maramures.ro\/index.php?rest_route=%2Fwp%2Fv2%2Fcomments&post=530"}],"version-history":[{"count":1,"href":"https:\/\/patrimoniulvernacular.maramures.ro\/index.php?rest_route=\/wp\/v2\/pages\/530\/revisions"}],"predecessor-version":[{"id":533,"href":"https:\/\/patrimoniulvernacular.maramures.ro\/index.php?rest_route=\/wp\/v2\/pages\/530\/revisions\/533"}],"wp:attachment":[{"href":"https:\/\/patrimoniulvernacular.maramures.ro\/index.php?rest_route=%2Fwp%2Fv2%2Fmedia&parent=530"}],"curies":[{"name":"wp","href":"https:\/\/api.w.org\/{rel}","templated":true}]}}